/(-16030))/1).
7, 229
Let x = -449 - -638. List the prime factors of x.
3, 7
Let i = 207 + 233. List the prime factors of i.
2, 5, 11
Suppose -2*b = -4 - 0. Let a be b/(-8) + 34/8. Suppose a*k = -4*y + 2*y + 2, -2*k - 2*y = 2. What are the prime factors of k?
2
Let b = -20 - -46. Let i be (-76)/(-24) + (-1)/6. What are the prime factors of -3 - b/i*-3?
23
Let s be (1/4)/1*0. What are the prime factors of (-1 - s)*3 - -54?
3, 17
Suppose -5*j = t - 763, 17*j + 803 = t + 14*j. What are the prime factors of t?
2, 197
Suppose -6549 = -12*t + 4971. What are the prime factors of t?
2, 3, 5
Suppose 2*o = 4*m - 14904, -4*m - 5*o + 0*o + 14904 = 0. List the prime factors of m.
2, 3, 23
Let k(d) = -11*d**2 + 2*d - 5. Let j(t) = -12*t**2 + 2*t - 4. Let c(b) = -4*j(b) + 3*k(b). What are the prime factors of c(2)?
3, 19
Let u be (-82)/(-6) - 56/84. Let b(w) = w - 9. List the prime factors of b(u).
2
Suppose 2 = -2*m, -3*b = -3*m - 19 + 1. Suppose 161 = -5*a - b*v - 219, 3*a - 4*v = -263. Let t = -50 - a. What are the prime factors of t?
31
Suppose 18*c + 13764 = 50034. List the prime factors of c.
5, 13, 31
Let p = -42 + 2. Let d = 58 + p. What are the prime factors of d?
2, 3
Let d(u) be the first derivative of -57*u**2/2 + 7*u + 12. List the prime factors of d(-3).
2, 89
Let d(i) = 2*i**3 + 19*i**2 + 19*i + 21. Let x(r) = r**3 + 19*r**2 + 20*r + 22. Let s(m) = -2*d(m) + 3*x(m). What are the prime factors of s(20)?
2
Suppose -f + 5*w = -214, -w + 311 = 4*f - 461. Let o = -53 + f. List the prime factors of o.
3, 47
Let q = 1321 - 445. What are the prime factors of q?
2, 3, 73
List the prime factors of 332*(2 + (-13)/(-2)) - 3.
2819
Let l be (6/(-15))/(10/(-125)). Let y = -17 - l. Let t = -10 - y. List the prime factors of t.
2, 3
Suppose -5*m = 3 - 13. Suppose 0 = -5*u + q + 279, -u - 6*q = -m*q - 60. What are the prime factors of u?
2, 7
Let i = 58 + -45. Let k(y) be the first derivative of -y**4/4 + 4*y**3 + 7*y**2 - 8*y - 1. What are the prime factors of k(i)?
5
Let f be (-23)/(-2) - (-3)/(-2). Suppose 0 = -2*v - 3*v + f. List the prime factors of 0 - (-1 + v)*-8.
2
Let c(k) = 3*k**2 + 57*k - 31. Let d(u) = -u**2 - 19*u + 10. Let n(h) = -6*c(h) - 17*d(h). List the prime factors of n(-16).
2
Let f = -7 - 3. Suppose 50 = 2*q + 14*x - 11*x, -12 = -3*x. Let m = q + f. List the prime factors of m.
3
Let q(c) be the second derivative of c**4/6 + c**3/3 + 3*c**2 - 10*c. Let j be ((-6)/10)/(2/10). List the prime factors of q(j).
2, 3
Let y = -1 + 15. Let m be y + 1/((-4)/8). Let g(n) = n**3 - 11*n**2 - 10*n - 3. List the prime factors of g(m).
3, 7
Suppose 0 = 3*w + 3*w - w. Let c(i) be the first derivative of -i**4/4 - i**3/3 - i**2/2 + 5*i + 1. What are the prime factors of c(w)?
5
Suppose -7*b + 44252 = 19*b. List the prime factors of b.
2, 23, 37
Suppose -4*t - 37 = -5*j, -3*t - 3*j - 13 - 8 = 0. Let z be 5/20 - 582/t. Suppose 0 = -4*w + z + 95. List the prime factors of w.
2, 3, 7
Suppose -29133 = 225*u - 238*u. What are the prime factors of u?
3, 83
Let x = -2 - -13. Suppose 0 = 9*h - x*h + 134. Suppose -9*q + 230 = -h. List the prime factors of q.
3, 11
Let u(o) = 2*o**2 + 39*o + 14. What are the prime factors of u(-28)?
2, 5, 7
Suppose 175 = -u - 4*u. Let b(n) = -10*n**2 + 1. Let a be b(1). Let t = a - u. List the prime factors of t.
2, 13
Let l(i) = 2*i**2 - 9*i - 6. Suppose -5 + 1 = -2*m. Let u(r) = -2*r**2 + 10*r + 6. Let w(z) = m*u(z) + 3*l(z). What are the prime factors of w(7)?
43
Suppose -1216 = -584*c + 580*c. List the prime factors of c.
2, 19
Suppose -4*y = -25 + 9. Let v(g) = 8*g**2 + 12*g - 8. What are the prime factors of v(y)?
2, 3, 7
Let h(i) be the second derivative of -17*i**3/6 - 8*i**2 - i. What are the prime factors of h(-6)?
2, 43
Suppose -4*q = h - 81, 0 = 13*h - 16*h - q + 265. List the prime factors of h.
89
Let i = 188 + -47. Let r = -85 + i. What are the prime factors of r?
2, 7
Suppose 4*y + 3812 = 4*q, 3*q + 953 = 4*q + 2*y. What are the prime factors of q?
953
Let l = 88 - 86. Suppose 653 = 5*s + l*q - q, 2*s - 272 = -4*q. What are the prime factors of s?
2, 5, 13
What are the prime factors of (-12)/(6/3)*(-41963)/174?
1447
Suppose 11*v + 620 - 10718 = 0. List the prime factors of v.
2, 3, 17
Let i(m) = -m + 370. Let x be i(0). Suppose 4*c + y - x = 0, 0*c - 3*c = 5*y - 286. List the prime factors of c.
2, 23
Let u = 13 + -4. Let r be (u/6)/(6/8). Suppose -2*n + 5*j = -9, -n + 4 = r*j - 5. What are the prime factors of n?
7
Suppose -x - 27 = -30. Suppose 5*i - 151 = -4*d + 80, -4*d + x*i = -271. What are the prime factors of d?
2
Suppose -3*p = -653 - 445. What are the prime factors of p?
2, 3, 61
Let v be (10/(-4) - -2)*28. Let q = -16 - v. What are the prime factors of 3/(-2)*(q + -6)?
2, 3
Let s = 27 - -39. List the prime factors of s.
2, 3, 11
List the prime factors of (-786)/2*(34/(-3) + 8).
2, 5, 131
Let n be -4 + (0 - 2 - -615). Suppose -4*p + 828 = -4*w, 0 = -p - 2*p - w + n. Suppose 2*k - p = -2*k. List the prime factors of k.
3, 17
Let q(f) = -6*f - 16. Let w be q(-9). Suppose -n + w = 2*s, -3*n = -3*s + 69 - 21. What are the prime factors of s?
2, 3
Let a = 18 - 8. Suppose -a = 3*t - 8*t. Suppose -t*h = -5*u - 38, 2*u = -2*u + 16. What are the prime factors of h?
29
Let a(q) = -19*q**2 - q + 4. Let h be a(3). Let r = -119 - h. List the prime factors of r.
3, 17
Let b(d) = -d**3 + 3*d**2 + d. Let n be b(4). Let p be -4*(3 + (-33)/n). Let u = 32 + p. List the prime factors of u.
3
Let f(h) = 56*h + 4. Let m be f(2). Suppose o + 46 = m. What are the prime factors of o?
2, 5, 7
List the prime factors of (-60718)/(-112) + 1/(-8).
2, 271
Let l(a) = -a**3 - 10*a**2 + 2*a + 5. Let k = -21 - -11. Let r be l(k). What are the prime factors of r/5 + 1 + 10?
2
Let c(i) be the second derivative of -2/3*i**3 + 0 - 4*i**2 + 2*i. List the prime factors of c(-8).
2, 3
Let j(y) = 4*y**3 + y**2 - 3*y - 2*y + 4*y. Let d be j(1). Suppose -2*a - 28 = -o + 3*a, d*o - 3*a - 95 = 0. What are the prime factors of o?
23
Let n = 5098 - 1721. List the prime factors of n.
11, 307
Let p = 10 + -3. What are the prime factors of (-8)/((2/15)/(p/(-21)))?
2, 5
Let u(y) = 33*y**3 - y**2 - 5*y + 2. What are the prime factors of u(4)?
2, 1039
Suppose 748 = 7*z - 2710. What are the prime factors of z?
2, 13, 19
Let q be -1 + (1 - -1) - -21. Let k be 4/(-8)*4 + q. Suppose -17*i + k*i - 48 = 0. What are the prime factors of i?
2
Suppose 0 = -l - 4, -5*l - 918 - 2642 = -3*j. List the prime factors of j.
2, 5, 59
Suppose -5*a + 20 = 0, 3*l + 15*a = 10*a + 428. List the prime factors of l.
2, 17
Let h(i) = 0*i**2 + i**2 + 6 + 2 - 2*i**3 - 4 - i. What are the prime factors of h(-3)?
2, 5, 7
Suppose 0 = 4*d - 2*a + 9 + 217, 167 = -3*d - a. Let s be (-9)/(174/d + 3). Suppose 2*q = -5*p + s, q + 93 = 5*p - 0*q. What are the prime factors of p?
2, 3
Suppose 5*t - 5*x = 2690, 2*x = -4*t + t + 1609. List the prime factors of t.
3, 179
Let i = 123 + -131. Let u = i + 68. List the prime factors of u.
2, 3, 5
Let d = 9420 - 4676. List the prime factors of d.
2, 593
Let w = -3359 - -4759. List the prime factors of w.
2, 5, 7
Suppose -5535 = -17*y + 2*y. List the prime factors of y.
3, 41
Let f(d) = 2*d + 5. Let c be f(-5). Let b be (c + 8 + -4)*23. Let p = 0 - b. List the prime factors of p.
23
Let s be ((-45)/30)/(3/(-8)). Let a(r) = 6 - 17 + 7 - 2 + s*r. What are the prime factors of a(6)?
2, 3
Let d = 9 - -5. Suppose 0 = y + m - d, 2*y + m = -3*m + 36. Suppose c + 4*c = y. What are the prime factors of c?
2
Let f(d) = -d + 10. Let i be f(5). Suppose 256 = 2*s - 4*t, -519 = -4*s - t + 29. Suppose -i*q + q = -s. What are the prime factors of q?
2, 17
Let j = -52 - -100. Let w = -43 + j. List the prime factors of w.
5
Suppose 3*t - 2112 = -561. What are the prime factors of t?
11, 47
Let n = -11 + 13. Suppose 4*m = -h - n*h + 206, 5*m = -3*h + 211. List the prime factors of h.
2, 31
Let z(f) = 2*f + 2. Let o be z(1). List the prime factors of (o - (-69)/6)*4.
2, 31
Suppose 0 = -5*j - 24 + 4. What are the prime factors of 9*(16 + j + 1)?
3, 13
Let v(j) = j**2 - 17*j + 10. What are the prime factors of v(-11)?
2, 3, 53
Let k(g) = 12*g**3 + g**2 + 2*g + 1. Let q be k(-1). Let h = q - -7. List the prime factors of (-3)/5 + (-188)/h.
37
Suppose 0 = 4*h - 0*h - 16. Suppo